{"id":6453,"date":"2026-02-05T22:10:43","date_gmt":"2026-02-05T21:10:43","guid":{"rendered":"https:\/\/club-agile-normandie.fr\/?page_id=6453"},"modified":"2026-03-19T15:25:24","modified_gmt":"2026-03-19T14:25:24","slug":"programme-printemps-agile-2026","status":"publish","type":"page","link":"https:\/\/club-agile-normandie.fr\/?page_id=6453","title":{"rendered":"Programme Printemps Agile 2026"},"content":{"rendered":"\n<h2 class=\"wp-block-heading has-contrast-color has-text-color has-link-color wp-elements-c6304441242322833bc0ceb1dd45fe23\">Programme des conf\u00e9rences et ateliers en acc\u00e8s libre et des sessions avec inscription<br>(voir les descriptions d\u00e9taill\u00e9es sous ce tableau )<br><\/h2>\n\n\n\n<div class=\"wp-block-buttons is-layout-flex wp-block-buttons-is-layout-flex\">\n<div class=\"wp-block-button\"><a class=\"wp-block-button__link wp-element-button\" href=\"https:\/\/club-agile-normandie.fr\/wp-content\/uploads\/2026\/03\/Programme_PA2026_V8.pdf\" style=\"border-top-left-radius:0px;border-top-right-radius:0px;border-bottom-left-radius:0px;border-bottom-right-radius:0px\" target=\"_blank\" rel=\"noreferrer noopener\">Pour t\u00e9l\u00e9charger le Programme PA2026 &gt;<\/a><\/div>\n<\/div>\n\n\n<div class=\"gb-container gb-container-21d34b46\"><\/div>\n\n\n<h2 class=\"wp-block-heading has-text-align-center animated backInDown faster\"><strong>\u26a0\ufe0f\u26a0\ufe0f\u26a0\ufe0f<\/strong>  DERNIERE INFO  <strong>\u26a0\ufe0f\u26a0\ufe0f\u26a0\ufe0f<\/strong> <\/h2>\n\n\n<div class=\"gb-container gb-container-9c3d861b\">\n\n<p class=\"has-text-align-center animated bounceInDown delay-500ms\">La session de 10h30<br><strong>\u00ab\u00a0L\u00e2cher les d\u00e9s, sortez les post-it : on va exp\u00e9rimenter l&rsquo;agilit\u00e9 en jouant &#8230; s\u00e9rieusement\u00a0\u00bb <\/strong><br>de Charline Rageade <br>est remplac\u00e9e par la session <br><strong>\u00ab\u00a0Fast CoDev : l&rsquo;intelligence collective en action\u00a0\u00bb <\/strong><br>avec Clotilde Walbrou et V\u00e9ronique Delahaye<\/p>\n\n<\/div>\n\n<div class=\"gb-container gb-container-8605ecf7\">\n\n<figure class=\"gb-block-image gb-block-image-ab1b6cf2\"><img loading=\"lazy\" decoding=\"async\" width=\"1828\" height=\"1218\" class=\"gb-image gb-image-ab1b6cf2\" src=\"https:\/\/club-agile-normandie.fr\/wp-content\/uploads\/2026\/03\/IMAGE_Programme_PA2026_V8.png\" alt=\"\" title=\"IMAGE_Programme_PA2026_V8\" srcset=\"https:\/\/club-agile-normandie.fr\/wp-content\/uploads\/2026\/03\/IMAGE_Programme_PA2026_V8.png 1828w, https:\/\/club-agile-normandie.fr\/wp-content\/uploads\/2026\/03\/IMAGE_Programme_PA2026_V8-300x200.png 300w, https:\/\/club-agile-normandie.fr\/wp-content\/uploads\/2026\/03\/IMAGE_Programme_PA2026_V8-1024x682.png 1024w, https:\/\/club-agile-normandie.fr\/wp-content\/uploads\/2026\/03\/IMAGE_Programme_PA2026_V8-768x512.png 768w, https:\/\/club-agile-normandie.fr\/wp-content\/uploads\/2026\/03\/IMAGE_Programme_PA2026_V8-1536x1023.png 1536w\" sizes=\"auto, (max-width: 1828px) 100vw, 1828px\" \/><\/figure>\n\n<\/div>\n\n\n<p><\/p>\n\n\n<div class=\"gb-container gb-container-c78b4038\">\n\n<h2 class=\"gb-headline gb-headline-4bf790a5 gb-headline-text\">D\u00e9tails des sessions propos\u00e9es <\/h2>\n\n<\/div>\n\n<div class=\"gb-container gb-container-4425c1e7\">\n\n<p>Pour avoir des d\u00e9tails sur le programme ci-dessous :<br>&#8211; Cliquer sur le titre de la session de votre choix pour avoir le d\u00e9tail de la session.<br>&#8211; Cliquer sur le nom de l&rsquo;intervenant qui vous int\u00e9resse.<br>Les d\u00e9tails s&rsquo;affichent dans un encart visible en d\u00e9filant la page.<\/p>\n\n<\/div>\n\n\n<div class=\"wp-block-buttons is-layout-flex wp-block-buttons-is-layout-flex\">\n<div class=\"wp-block-button\"><a class=\"wp-block-button__link wp-element-button\" href=\"https:\/\/club-agile-normandie.fr\/?page_id=6449\" style=\"border-top-left-radius:0px;border-top-right-radius:0px;border-bottom-left-radius:0px;border-bottom-right-radius:0px\" target=\"_blank\" rel=\"noreferrer noopener\">Pour s&rsquo;inscrire &gt;<\/a><\/div>\n<\/div>\n\n\n\n\n<p class=\"sessionize-wrapper\"><script type=\"text\/javascript\" src=\"https:\/\/sessionize.com\/api\/v2\/elztpmce\/view\/GridSmart\"> <\/script><\/p>\n\n\n<div class=\"wp-block-buttons is-layout-flex wp-block-buttons-is-layout-flex\">\n<div class=\"wp-block-button\"><a class=\"wp-block-button__link wp-element-button\" href=\"https:\/\/printempsagile.fr\/\" style=\"border-top-left-radius:0px;border-top-right-radius:0px;border-bottom-left-radius:0px;border-bottom-right-radius:0px\" target=\"_blank\" rel=\"noreferrer noopener\">Pour s&rsquo;inscrire &gt;<\/a><\/div>\n<\/div>\n","protected":false},"excerpt":{"rendered":"<p>Programme des conf\u00e9rences et ateliers en acc\u00e8s libre et des sessions avec inscription(voir les descriptions d\u00e9taill\u00e9es sous ce tableau ) \u26a0\ufe0f\u26a0\ufe0f\u26a0\ufe0f DERNIERE INFO \u26a0\ufe0f\u26a0\ufe0f\u26a0\ufe0f La session de 10h30\u00ab\u00a0L\u00e2cher les d\u00e9s, sortez les post-it : on va exp\u00e9rimenter l&rsquo;agilit\u00e9 en jouant &#8230; s\u00e9rieusement\u00a0\u00bb de Charline Rageade est remplac\u00e9e par la session \u00ab\u00a0Fast CoDev : l&rsquo;intelligence collective &#8230; <a title=\"Programme Printemps Agile 2026\" class=\"read-more\" href=\"https:\/\/club-agile-normandie.fr\/?page_id=6453\" aria-label=\"Plus sur Programme Printemps Agile 2026\">Lire plus<\/a><\/p>\n","protected":false},"author":7,"featured_media":0,"parent":0,"menu_order":0,"comment_status":"closed","ping_status":"closed","template":"","meta":{"_themeisle_gutenberg_block_has_review":false,"footnotes":""},"class_list":["post-6453","page","type-page","status-publish"],"_links":{"self":[{"href":"https:\/\/club-agile-normandie.fr\/index.php?rest_route=\/wp\/v2\/pages\/6453","targetHints":{"allow":["GET"]}}],"collection":[{"href":"https:\/\/club-agile-normandie.fr\/index.php?rest_route=\/wp\/v2\/pages"}],"about":[{"href":"https:\/\/club-agile-normandie.fr\/index.php?rest_route=\/wp\/v2\/types\/page"}],"author":[{"embeddable":true,"href":"https:\/\/club-agile-normandie.fr\/index.php?rest_route=\/wp\/v2\/users\/7"}],"replies":[{"embeddable":true,"href":"https:\/\/club-agile-normandie.fr\/index.php?rest_route=%2Fwp%2Fv2%2Fcomments&post=6453"}],"version-history":[{"count":35,"href":"https:\/\/club-agile-normandie.fr\/index.php?rest_route=\/wp\/v2\/pages\/6453\/revisions"}],"predecessor-version":[{"id":6664,"href":"https:\/\/club-agile-normandie.fr\/index.php?rest_route=\/wp\/v2\/pages\/6453\/revisions\/6664"}],"wp:attachment":[{"href":"https:\/\/club-agile-normandie.fr\/index.php?rest_route=%2Fwp%2Fv2%2Fmedia&parent=6453"}],"curies":[{"name":"wp","href":"https:\/\/api.w.org\/{rel}","templated":true}]}}