{"id":4313,"date":"2022-09-14T18:13:47","date_gmt":"2022-09-14T16:13:47","guid":{"rendered":"http:\/\/club-agile-normandie.fr\/?page_id=4313"},"modified":"2025-09-15T16:33:23","modified_gmt":"2025-09-15T14:33:23","slug":"lagilite","status":"publish","type":"page","link":"https:\/\/club-agile-normandie.fr\/?page_id=4313","title":{"rendered":"L&rsquo;agilit\u00e9"},"content":{"rendered":"\n<h2 class=\"wp-block-heading\"><strong>Qu\u2019est-ce que l\u2019agilit\u00e9 ?<\/strong><\/h2>\n\n\n\n<p class=\"has-contrast-2-color has-text-color\">Le concept des m\u00e9thodes agiles est n\u00e9 en 2001 dans le cadre du d\u00e9veloppement de logiciels. D\u00e8s lors, le mouvement Agile s\u2019est consid\u00e9rablement diffus\u00e9 dans le monde.<\/p>\n\n\n\n<p class=\"has-contrast-2-color has-text-color\">C&rsquo;est ainsi qu&rsquo;a \u00e9t\u00e9 cr\u00e9\u00e9 le manifeste Agile qui d\u00e9finit 4 valeurs et 12 principes applicables au d\u00e9veloppement de logiciels.<\/p>\n\n\n<div class=\"gb-container gb-container-68165692\"><div class=\"gb-inside-container\">\n\n<h3 class=\"wp-block-heading\">Au Club Agile Normandie, nous avons la d\u00e9finition suivante :<\/h3>\n\n\n<div class=\"gb-container gb-container-b3f83044\">\n\n<p><\/p>\n\n\n\n<p class=\"has-contrast-2-color has-text-color\">Nous appelons Agilit\u00e9 un ensemble de principes et d\u2019outils bas\u00e9s sur des valeurs humaines fortes et l\u2019autonomie des \u00e9quipes permettant aux organisations et aux individus d\u2019accomplir leurs missions avec efficacit\u00e9 et bienveillance dans un environnement changeant ou complexe.<\/p>\n\n<\/div>\n\n\n<p><\/p>\n\n\n\n<p class=\"has-contrast-2-color has-text-color\">Le Club Agile Normandie s\u2019est tr\u00e8s vite d\u00e9tach\u00e9 du d\u00e9veloppement de logiciels et s\u2019est d\u00e9velopp\u00e9 dans le cadre universitaire, notamment autour de l\u2019IAE de Caen, \u00e9cole universitaire de management.<\/p>\n\n\n\n<p><\/p>\n\n<\/div><\/div>\n\n\n<div class=\"wp-block-buttons is-layout-flex wp-block-buttons-is-layout-flex\">\n<div class=\"wp-block-button\"><a class=\"wp-block-button__link wp-element-button\" href=\"https:\/\/club-agile-normandie.fr\/?page_id=6300\" style=\"border-radius:0px\" target=\"_blank\" rel=\"noreferrer noopener\">Introduction \u00e0 l&rsquo;agilit\u00e9 &gt;<\/a><\/div>\n<\/div>\n\n\n\n<p><\/p>\n\n\n<div class=\"gb-container gb-container-b5a3a4ae\"><div class=\"gb-inside-container\">\n\n<p><\/p>\n\n<\/div><\/div>\n\n\n<h2 class=\"wp-block-heading has-contrast-color has-text-color\">Les 4 valeurs de l\u2019agilit\u00e9* :<\/h2>\n\n\n\n<ol class=\"wp-block-list has-contrast-2-color has-text-color\">\n<li>Les individus et leurs interactions plus que les processus et leurs outils<\/li>\n\n\n\n<li>Un produit qui fonctionne plus qu\u2019une documentation<\/li>\n\n\n\n<li>La collaboration avec les clients et les usagers plus que la n\u00e9gociation contractuelle<\/li>\n\n\n\n<li>L\u2019adaptation au changement plus que le suivi d\u2019un plan.<\/li>\n<\/ol>\n\n\n\n<p class=\"has-contrast-color has-text-color\">*Valeurs adapt\u00e9es par le Club Agile Normandie \u00e0 partir du manifeste Agile<\/p>\n\n\n<div class=\"gb-container gb-container-b36dc261\"><div class=\"gb-inside-container\">\n\n<p><\/p>\n\n\n\n<h2 class=\"wp-block-heading\">Les 12 principes du manifeste Agile :<\/h2>\n\n\n\n<p class=\"has-contrast-2-color has-text-color\">Le manifeste Agile est un document r\u00e9pertoriant les \u00ab\u00a0grands principes Agiles\u00a0\u00bb applicables aux organisations. <br>Il constitue un peu les \u00ab\u00a0dix commandements\u00a0\u00bb de la th\u00e9orie Agile. C&rsquo;est donc un document important pour comprendre la m\u00e9thode Agile.<\/p>\n\n\n\n<div class=\"wp-block-buttons is-layout-flex wp-block-buttons-is-layout-flex\">\n<div class=\"wp-block-button\"><a class=\"wp-block-button__link wp-element-button\" href=\"https:\/\/agilemanifesto.org\/iso\/fr\/manifesto.html\" style=\"border-radius:0px\" target=\"_blank\" rel=\"noreferrer noopener\">En savoir plus &gt;<\/a><\/div>\n<\/div>\n\n<\/div><\/div>\n\n\n<p><\/p>\n\n\n<div class=\"gb-container gb-container-cc9f274b\"><div class=\"gb-inside-container\">\n\n<p><\/p>\n\n\n\n<h2 class=\"wp-block-heading\">D\u00e9couvrir quelques outils Agile<\/h2>\n\n\n\n<div class=\"wp-block-buttons is-layout-flex wp-block-buttons-is-layout-flex\">\n<div class=\"wp-block-button\"><a class=\"wp-block-button__link wp-element-button\" href=\"https:\/\/club-agile-normandie.fr\/?page_id=6348\" style=\"border-radius:0px\" target=\"_blank\" rel=\"noreferrer noopener\">En savoir plus &gt;<\/a><\/div>\n<\/div>\n\n<\/div><\/div>\n\n\n<p><\/p>\n\n\n<div class=\"gb-container gb-container-053aed87\"><div class=\"gb-inside-container\">\n\n<p><\/p>\n\n\n\n<h2 class=\"wp-block-heading\">Vid\u00e9os<\/h2>\n\n\n\n<p class=\"has-contrast-2-color has-text-color\">Des vid\u00e9os des conf\u00e9rences et ateliers capt\u00e9es lors des Printemps Agiles sont disponibles sous le lien suivant :<\/p>\n\n\n\n<div class=\"wp-block-buttons is-layout-flex wp-block-buttons-is-layout-flex\">\n<div class=\"wp-block-button\"><a class=\"wp-block-button__link wp-element-button\" href=\"https:\/\/www.canal-u.tv\/chaines\/cemu\/printemps-agile\" style=\"border-radius:0px\" target=\"_blank\" rel=\"noreferrer noopener\">En savoir plus &gt;<\/a><\/div>\n<\/div>\n\n\n\n<p><\/p>\n\n<\/div><\/div>\n\n\n<p><\/p>\n\n\n\n<p><\/p>\n\n\n\n<p><\/p>\n","protected":false},"excerpt":{"rendered":"<p>Qu\u2019est-ce que l\u2019agilit\u00e9 ? Le concept des m\u00e9thodes agiles est n\u00e9 en 2001 dans le cadre du d\u00e9veloppement de logiciels. D\u00e8s lors, le mouvement Agile s\u2019est consid\u00e9rablement diffus\u00e9 dans le monde. C&rsquo;est ainsi qu&rsquo;a \u00e9t\u00e9 cr\u00e9\u00e9 le manifeste Agile qui d\u00e9finit 4 valeurs et 12 principes applicables au d\u00e9veloppement de logiciels. Au Club Agile Normandie, &#8230; <a title=\"L&rsquo;agilit\u00e9\" class=\"read-more\" href=\"https:\/\/club-agile-normandie.fr\/?page_id=4313\" aria-label=\"Plus sur L&rsquo;agilit\u00e9\">Lire plus<\/a><\/p>\n","protected":false},"author":7,"featured_media":0,"parent":0,"menu_order":0,"comment_status":"closed","ping_status":"closed","template":"","meta":{"_themeisle_gutenberg_block_has_review":false,"footnotes":""},"class_list":["post-4313","page","type-page","status-publish"],"_links":{"self":[{"href":"https:\/\/club-agile-normandie.fr\/index.php?rest_route=\/wp\/v2\/pages\/4313","targetHints":{"allow":["GET"]}}],"collection":[{"href":"https:\/\/club-agile-normandie.fr\/index.php?rest_route=\/wp\/v2\/pages"}],"about":[{"href":"https:\/\/club-agile-normandie.fr\/index.php?rest_route=\/wp\/v2\/types\/page"}],"author":[{"embeddable":true,"href":"https:\/\/club-agile-normandie.fr\/index.php?rest_route=\/wp\/v2\/users\/7"}],"replies":[{"embeddable":true,"href":"https:\/\/club-agile-normandie.fr\/index.php?rest_route=%2Fwp%2Fv2%2Fcomments&post=4313"}],"version-history":[{"count":31,"href":"https:\/\/club-agile-normandie.fr\/index.php?rest_route=\/wp\/v2\/pages\/4313\/revisions"}],"predecessor-version":[{"id":6409,"href":"https:\/\/club-agile-normandie.fr\/index.php?rest_route=\/wp\/v2\/pages\/4313\/revisions\/6409"}],"wp:attachment":[{"href":"https:\/\/club-agile-normandie.fr\/index.php?rest_route=%2Fwp%2Fv2%2Fmedia&parent=4313"}],"curies":[{"name":"wp","href":"https:\/\/api.w.org\/{rel}","templated":true}]}}